46379?
4
What is the ten thousands digit of 126984?
2
What is the hundred thousands digit of 482731?
4
What is the ten thousands digit of 155387?
5
What is the tens digit of 1071897?
9
What is the ten thousands digit of 44282?
4
What is the millions digit of 5296118?
5
What is the units digit of 417504?
4
What is the hundreds digit of 184210?
2
What is the tens digit of 22297580?
8
What is the ten thousands digit of 473494?
7
What is the hundreds digit of 263785?
7
What is the tens digit of 1054631?
3
What is the tens digit of 498699?
9
What is the tens digit of 351750?
5
What is the tens digit of 508039?
3
What is the hundreds digit of 52986?
9
What is the hundred thousands digit of 490497?
4
What is the hundreds digit of 4930204?
2
What is the hundreds digit of 15159141?
1
What is the ten thousands digit of 302284?
0
What is the thousands digit of 543205?
3
What is the tens digit of 153411?
1
What is the millions digit of 25948229?
5
What is the thousands digit of 1255826?
5
What is the thousands digit of 248355?
8
What is the hundreds digit of 921153?
1
What is the units digit of 115429?
9
What is the tens digit of 200042?
4
What is the tens digit of 13760388?
8
What is the tens digit of 13236670?
7
What is the tens digit of 52651?
5
What is the hundred thousands digit of 803214?
8
What is the units digit of 637213?
3
What is the thousands digit of 394378?
4
What is the thousands digit of 11936487?
6
What is the thousands digit of 445370?
5
What is the millions digit of 2595954?
2
What is the hundred thousands digit of 136695?
1
What is the hundreds digit of 308807?
8
What is the tens digit of 4032?
3
What is the ten thousands digit of 15904?
1
What is the tens digit of 3158142?
4
What is the units digit of 5391079?
9
What is the units digit of 767189?
9
What is the ten thousands digit of 8860374?
6
What is the hundreds digit of 170554?
5
What is the hundreds digit of 22083998?
9
What is the ten thousands digit of 17691336?
9
What is the hundreds digit of 359892?
8
What is the units digit of 24475?
5
What is the hundreds digit of 215882?
8
What is the tens digit of 57577?
7
What is the ten thousands digit of 540071?
4
What is the tens digit of 249038?
3
What is the hundreds digit of 388894?
8
What is the hundred thousands digit of 1904817?
9
What is the hundreds digit of 132753?
7
What is the millions digit of 11057815?
1
What is the hundreds digit of 312630?
6
What is the hundreds digit of 4985476?
4
What is the tens digit of 319815?
1
What is the millions digit of 1431371?
1
What is the units digit of 57142?
2
What is the units digit of 405634?
4
What is the thousands digit of 450917?
0
What is the tens digit of 166902?
0
What is the hundreds digit of 1495007?
0
What is the hundred thousands digit of 14048324?
0
What is the tens digit of 647263?
6
What is the hundred thousands digit of 170331?
1
What is the tens digit of 28703548?
4
What is the millions digit of 2749751?
2
What is the ten millions digit of 14069257?
1
What is the ten thousands digit of 269865?
6
What is the thousands digit of 3233764?
3
What is the hundreds digit of 256299?
2
What is the millions digit of 14755677?
4
What is the units digit of 947104?
4
What is the hundred thousands digit of 364461?
3
What is the thousands digit of 7396359?
6
What is the thousands digit of 324990?
4
What is the tens digit of 3566927?
2
What is the thousands digit of 169869?
9
What is the millions digit of 2590033?
2
What is the hundreds digit of 12340784?
7
What is the hundred thousands digit of 143412?
1
What is the hundreds digit of 15018789?
7
What is the tens digit of 404198?
9
What is the units digit of 7128554?
4
What is the thousands digit of 166950?
6
What is the thousands digit of 3324583?
4
What is the millions digit of 3858478?
3
What is the thousands digit of 3128808?
8
What is the hundred thousands digit of 333938?
3
What is the tens digit of 1963087?
8
What is the hundreds digit of 384304?
3
What is the tens digit of 134413?
1
What is the units digit of 1639604?
4
What is the hundred thousands digit of 13215246?
2
What is the tens digit of 1616349?
4
What is the thousands digit of 52704?
2
What is the thousands digit of 14334?
4
What is the hundreds digit of 2688900?
9
What is the units digit of 4523897?
7
What is the tens digit of 16074?
7
What is the thousands digit of 2365253?
5
What is the ten thousands digit of 1412467?
1
What is the hundred thousands digit of 4487604?
4
What is the tens digit of 2881134?
3
What is the hundred thousands digit of 1575865?
5
What is the tens digit of 5627102?
0
What is the ten thousands digit of 30388792?
8
What is the hundreds digit of 692598?
5
What is the tens digit of 5081744?
4
What is the millions digit of 15664366?
5
What is the units digit of 5886987?
7
What is the hundreds digit of 94796?
7
What is the units digit of 8066815?
5
What is the units digit of 525851?
1
What is the ten thousands digit of 2748397?
4
What is the tens digit of 1224238?
3
What is the ten thousands digit of 509846?
0
What is the thousands digit of 6199367?
9
What is the hundred thousands digit of 437849?
4
What is the ten thousands digit of 15519495?
1
What is the hundreds digit of 7603539?
5
What is the hundreds digit of 42081732?
7
What is the thousands digit of 137211?
7
What is the millions digit of 3832749?
3
What is the thousands digit of 2920055?
0
What is the hundreds digit of 217173?
1
What is the tens digit of 324270?
7
What is the millions digit of 9483428?
9
What is the hundred thousands digit of 5495291?
4
What is the millions digit of 3836503?
3
What is the hundreds digit of 1137485?
4
What is the thousands digit of 1368003?
8
What is the hundreds digit of 16283586?
5
What is the thousands digit of 387723?
7
What is the thousands digit of 26997155?
7
What is the tens digit of 4110225?
2
What is the millions digit of 6226249?
6
What is the tens digit of 3649757?
5
What is the ten thousands digit of 119590?
1
What is the ten thousands digit of 131777?
3
What is the millions digit of 1005937?
1
What is the tens digit of 451485?
8
What is the millions digit of 1859295?
1
What is the ten thousands digit of 1397026?
9
What is the millions digit of 18978424?
8
What is the thousands digit of 10951638?
1
What is the ten thousands digit of 608279?
0
What is the thousands digit of 34326?
4
What is the units digit of 2237951?
1
What is the hundreds digit of 16994421?
4
What is the ten thousands digit of 1732184?
3
What is the units digit of 428078?
8
What is the ten thousands digit of 121537?
2
What is the thousands digit of 8838596?
8
What is the thousands digit of 1488270?
8
What is the millions digit of 1682634?
1
What is the hundred thousands digit of 976201?
9
What is the hundred thousands digit of 525650?
5
What is the hundreds digit of 4010802?
8
What is the hundred thousands digit of 5628460?
6
What is the hundred thousands digit of 576662?
5
What is the hundreds digit of 16556783?
7
What is the hundred thousands digit of 960393?
9
What is the tens digit of 701794?
9
What is the hundred thousands digit of 260686?
2
What is the hundreds digit of 509760?
7
What is the ten thousands digit of 3752675?
5
What is the tens digit of 6066404?
0
What is the ten thousands digit of 37081828?
8
What is the hundred thousands digit of 1383672?
3
What is the thousands digit of 2483077?
3
What is the units digit of 576162?
2
What is the hundred thousands digit of 11469275?
4
What is the ten thousands digit of 1613658?
1
What is the ten thousands digit of 487608?
8
What is the thousands digit of 1790312?
0
What is the tens digit of 841434?
3
What is the units digit of 230179?
9
What is the tens digit of 898134?
3
What is the tens digit of 99699?
9
What is the hundred thousands digit of 1009155?
0
What is the hundred thousands digit of 5560016?
5
What is the hundreds digit of 95695?
6
What is the hundreds digit of 36751?
7
What is the tens digit of 1846688?
8
What is the hundred thousands digit of 135871?
1
What is the units digit of 42668?
8
What is the ten thousands digit of 3336741?
3
What is the ten thousands digit of 25763469?
6
What is the thousands digit of 88276?
8
What is the units digit of 110567?
7
What is the hundreds digit of 416572?
5
What is the 